1 a factor of 30845448?
False
Is 292399766 a multiple of 226?
False
Does 39 divide 111237985?
False
Is 850 a factor of 10229750?
True
Is 13 a factor of 23044321?
False
Is 12 a factor of 9714078?
False
Is 4920054 a multiple of 22?
False
Does 142 divide 430443748?
True
Is 99 a factor of 764370692?
False
Is 6 a factor of 290914944?
True
Is 35 a factor of 577050377?
False
Is 180 a factor of 65003523?
False
Is 452964204 a multiple of 33?
True
Is 53681888 a multiple of 1376?
True
Is 6151218 a multiple of 27?
False
Does 26 divide 160592841?
False
Does 422 divide 595357178?
True
Does 29 divide 103501290?
True
Is 79991394 a multiple of 21?
True
Is 22610380 a multiple of 52?
True
Is 93 a factor of 4616245?
False
Is 227 a factor of 592011306?
False
Is 205979994 a multiple of 2178?
True
Is 19 a factor of 124453912?
False
Is 3786179 a multiple of 474?
False
Is 4 a factor of 28532219?
False
Is 516734445 a multiple of 267?
True
Is 6873 a factor of 6285042342?
True
Does 341 divide 56515543?
False
Is 168 a factor of 206690146?
False
Is 276 a factor of 1835124?
True
Is 34119193 a multiple of 361?
True
Does 517 divide 69653457?
False
Is 1261820408 a multiple of 1429?
False
Is 193 a factor of 5685201?
True
Does 1000 divide 275889000?
True
Does 46 divide 48080337?
False
Does 406 divide 9654274?
True
Is 439 a factor of 26374601?
False
Is 83 a factor of 463629534?
True
Is 2948564976 a multiple of 18992?
True
Is 129282858 a multiple of 17?
True
Is 144142482 a multiple of 11?
True
Is 194 a factor of 850047531?
False
Is 97 a factor of 83159652?
True
Does 803 divide 491789811?
False
Is 3148 a factor of 96212324?
True
Is 27733425 a multiple of 13?
False
Is 280981115 a multiple of 14?
False
Is 39 a factor of 11657490?
True
Does 125 divide 6637538?
False
Does 125 divide 360789066?
False
Does 31 divide 1220023042?
True
Is 2903 a factor of 33595885?
False
Is 156 a factor of 8338668?
True
Is 650 a factor of 120783207?
False
Does 197 divide 88465214?
True
Does 4306 divide 1358431044?
True
Is 17739072 a multiple of 103?
True
Does 24 divide 149924904?
True
Is 12 a factor of 343808861?
False
Is 1000040276 a multiple of 4942?
False
Is 8 a factor of 38806969?
False
Does 15 divide 468407925?
True
Does 391 divide 96503883?
True
Does 9 divide 380063142?
True
Is 5 a factor of 120242603?
False
Is 19550785 a multiple of 5?
True
Does 12 divide 6534036?
True
Is 710 a factor of 763608353?
False
Does 500 divide 30428000?
True
Does 8 divide 3515107592?
True
Does 67 divide 4470575?
True
Is 404294782 a multiple of 3293?
True
Is 72741457 a multiple of 28?
False
Is 1894 a factor of 16112258?
True
Is 2 a factor of 14641280?
True
Is 1939868060 a multiple of 481?
False
Is 21 a factor of 5682537?
True
Does 188 divide 10722580?
True
Is 571412994 a multiple of 118?
True
Is 44 a factor of 265264491?
False
Is 7 a factor of 6840106?
True
Is 210673692 a multiple of 12?
True
Does 46 divide 313231905?
False
Does 79 divide 3152969?
True
Is 78649277 a multiple of 3081?
False
Does 6007 divide 835472037?
False
Is 74429304 a multiple of 628?
True
Does 875 divide 4022375?
True
Does 2191 divide 1095500?
True
Is 8857818 a multiple of 18?
True
Is 1833 a factor of 49804836?
False
Is 6739567 a multiple of 103?
False
Does 449 divide 2682775?
True
Does 26 divide 1038100674?
True
Is 4376600 a multiple of 7?
False
Is 4005253499 a multiple of 1781?
True
Is 1366242432 a multiple of 299?
False
Is 28 a factor of 46001592?
True
Does 46 divide 118242339?
False
Does 1657 divide 15474723?
True
Does 72 divide 5193864?
True
Is 9087 a factor of 1100332021?
False
Does 13 divide 2032869046?
True
Is 79477702 a multiple of 1681?
False
Is 2899263536 a multiple of 6?
False
Does 20 divide 29938980?
True
Is 21 a factor of 53749815?
True
Is 195908388 a multiple of 16?
False
Is 34 a factor of 3451358156?
True
Does 75 divide 85277925?
True
Does 393 divide 99966002?
False
Does 537 divide 231447?
True
Is 11 a factor of 22670562?
False
Does 24 divide 259534286?
False
Is 221992380 a multiple of 1511?
False
Is 627 a factor of 51503034?
True
Does 20 divide 141779160?
True
Is 2586170432 a multiple of 301?
False
Is 57 a factor of 23399771?
False
Is 64 a factor of 57243001?
False
Does 43 divide 1147793793?
False
Does 796 divide 13450808?
True
Does 29 divide 52126327?
False
Is 720705278 a multiple of 11?
False
Does 2980 divide 272532920?
True
Is 182849132 a multiple of 1681?
False
Is 137450538 a multiple of 9?
True
Is 1204 a factor of 189648060?
True
Is 15 a factor of 252485709?
False
Does 19 divide 1952919237?
True
Is 13718498 a multiple of 14?
False
Is 7 a factor of 53319081?
False
Is 64251103 a multiple of 343?
True
Is 17304817 a multiple of 3746?
False
Does 4 divide 1848475?
False
Is 548084867 a multiple of 4?
False
Is 5809825564 a multiple of 150?
False
Does 20 divide 45138160?
True
Is 290 a factor of 390317670?
True
Does 402 divide 373383092?
False
Does 2395 divide 874993469?
False
Is 250227060 a multiple of 94?
True
Does 290 divide 265254300?
True
Does 7331 divide 1803469986?
True
Does 643 divide 4579560454?
True
Does 11 divide 34313233?
False
Does 8 divide 80879406?
False
Is 25176624 a multiple of 2326?
True
Is 11 a factor of 5796802?
True
Is 31773700 a multiple of 665?
True
Does 38 divide 1170695263?
False
Is 2744 a factor of 314674347?
False
Is 94 a factor of 4854615683?
False
Does 84 divide 195267912?
True
Is 1977560 a multiple of 20?
True
Is 14398187 a multiple of 52?
False
Is 62768666 a multiple of 445?
False
Does 85 divide 3896830270?
True
Does 12 divide 122590272?
True
Is 15800131 a multiple of 887?
True
Does 3360 divide 20525502?
False
Is 252406171 a multiple of 294?
False
Is 16195598 a multiple of 1995?
False
Does 243 divide 516764529?
True
Is 1781519415 a multiple of 845?
True
Does 253 divide 1887878945?
False
Is 7605159 a multiple of 81?
False
Is 95693784 a multiple of 2763?
False
Does 49 divide 256387131?
False
Does 58 divide 427801?
False
Does 5 divide 70711417?
False
Is 102010528 a multiple of 1136?
True
Is 464 a factor of 95401184?
True
Does 647 divide 2580826113?
False
Does 5 divide 530761?
False
Does 1279 divide 128696684?
False
Is 65472082 a multiple of 1223?
True
Is 6240 a multiple of 32?
True
Is 34 a factor of 1441248440?
True
Is 142 a factor of 325102461?
False
Does 67 divide 126246382?
False
Does 318 divide 613611512?
False
Is 3568248 a multiple of 72?
True
Does 526 divide 43222393?
False
Is 68796305 a multiple of 43?
False
Does 179 divide 142529021?
False
Is 125 a factor of 940548944?
False
Is 136 a factor of 34676147?
False
Does 19 divide 1948321970?
False
Is 41 a factor of 665835039?
True
Is 81 a factor of 9456183?
True
Does 251 divide 697503423?
False
Is 507508965 a multiple of 108?
False
Is 1068 a factor of 974339510?
False
Is 76 a factor of 2206048124?
True
Is 92 a factor of 504905200?
True
Is 3037 a factor of 108636527?
True
Is 17209383 a multiple of 701?
False
Does 216 divide 28995840?
True
Is 896596218 a multiple of 34?
True
Does 1210 divide 52867848?
False
Is 30450574 a multiple of 322?
True
Does 60 divide 1220909568?
False
Is 90 a factor of 170550360?
True
Does 223 divide 1484754908?
False
Is 414336048 a multiple of 168?
True
Is 3226 a factor of 2247928416?
True
Does 17 divide 178363762?
True
Does 123 divide 486782131?
False
Is 10415220 a multiple of 510?
True
Is 519599448 a multiple of 324?
True
Is 79597428 a multiple of 546?
False
Is 161 a factor of 4048669093?
True
Is 41276609 a multiple of 14?
False
Does 42 divide 50115456?
False
Does 99 divide 4261397283?
True
Is 71156798 a multiple of 517?
False
Is 28 a factor of 36319417?
False
Is 6 a factor of 775344?
True
Does 15 divide 10453127?
False
Does 471 divide 57131829?
True
Is 2991494824 a multiple of 233?
False
Is 284653635 a multiple of 345?
True
Is 3962689697 a multiple of 1647?
False
Does 198 divide 593625780?
True
Is 107969732 a multiple of 1772?
True
Is 379996800 a multiple of 800?
True
Is 566068560 a multiple of 5?
True
Is 34228151 a multiple of 18?
False
Does 144 divide 43904880?
True
Is 505 a factor of 799516729?
False
Is 1701308287 a multiple of 7?
True
Is 21 a factor of 1821197720?
False
Does 227 divide 39369291?
True
Is 19696176 a multiple of 4572?
True
Is 525 a factor of 393417675?
True
Is 2049 a factor of 78040263?
True
Does 25 divide 104784400